10100
In base 11, what is -23 - 3?
-26
In base 5, what is 0 + 1100?
1100
In base 9, what is -63 + -63?
-136
In base 12, what is -3 + -7a?
-81
In base 12, what is -5 + 333?
32a
In base 3, what is 11 - 11002100?
-11002012
In base 3, what is -12 - -2000221?
2000202
In base 7, what is -4 + -601?
-605
In base 5, what is 0 + 10311?
10311
In base 14, what is 1 + -29?
-28
In base 14, what is -311 - 2?
-313
In base 16, what is -11 + -21?
-32
In base 7, what is -3 + -140?
-143
In base 13, what is -9 + 6b?
62
In base 2, what is -110101 - 11?
-111000
In base 3, what is 101 + 102121?
102222
In base 6, what is 1203 + 115?
1322
In base 16, what is -f + b?
-4
In base 9, what is 2 - -110?
112
In base 13, what is c47 + -1?
c46
In base 15, what is -5 - -a0?
9a
In base 7, what is 3 + 260?
263
In base 6, what is 1 - -52550?
52551
In base 4, what is 2 - 213?
-211
In base 13, what is 1 - -c9?
ca
In base 11, what is 14 + -5?
a
In base 16, what is -9b + -5?
-a0
In base 16, what is 1 - -5?
6
In base 5, what is -10 + -243?
-303
In base 13, what is 932 + 2?
934
In base 8, what is 24720 - 1?
24717
In base 13, what is -323 + 2?
-321
In base 16, what is bc - -f?
cb
In base 7, what is 135 - 110?
25
In base 7, what is -14 + 15?
1
In base 8, what is 0 + -11776?
-11776
In base 3, what is -10 + 10020?
10010
In base 15, what is 1 - -a80?
a81
In base 7, what is 16626 - 5?
16621
In base 7, what is 6463 - -4?
6500
In base 7, what is -2 + -631?
-633
In base 8, what is 564 - 0?
564
In base 8, what is 5 - 17?
-12
In base 5, what is 124 + 10?
134
In base 12, what is -5492 - -2?
-5490
In base 4, what is -2 + -1230?
-1232
In base 13, what is -238 + 5?
-233
In base 3, what is -2 + -120?
-122
In base 5, what is 2 + -2414?
-2412
In base 8, what is 0 + 5477?
5477
In base 15, what is -2 + -2789?
-278b
In base 16, what is -88f6 - 1?
-88f7
In base 9, what is 4 + 87?
102
In base 4, what is -230 + -332?
-1222
In base 2, what is 100110111000 - -101?
100110111101
In base 6, what is 513 - -5?
522
In base 14, what is 0 + -7db?
-7db
In base 2, what is -11000 - 1011000?
-1110000
In base 5, what is -204 - -33?
-121
In base 12, what is -5 - 1771?
-1776
In base 11, what is -3788 + -5?
-3792
In base 11, what is 4 - 5?
-1
In base 12, what is 6 + 60?
66
In base 7, what is 5 - -23?
31
In base 12, what is -1b98 - -4?
-1b94
In base 2, what is 1000 - 1010101100?
-1010100100
In base 2, what is -11111 - 10000?
-101111
In base 9, what is 317 - -5?
323
In base 14, what is 255 + 0?
255
In base 7, what is 34 + -646?
-612
In base 13, what is -471 + -2?
-473
In base 8, what is -35 + 2?
-33
In base 7, what is -6064 + -3?
-6100
In base 15, what is -3 - 79?
-7c
In base 9, what is -334 - -4?
-330
In base 3, what is -122000 + -10?
-122010
In base 2, what is -10 + -11101100?
-11101110
In base 7, what is 5 - -321?
326
In base 13, what is -58 - 19?
-74
In base 13, what is 36c - -4?
373
In base 11, what is -144 - 0?
-144
In base 9, what is -120 + 4?
-115
In base 13, what is ba + -1a?
a0
In base 11, what is -1a79a + -5?
-1a7a4
In base 14, what is 0 - 5b2?
-5b2
In base 4, what is -122 - 202?
-330
In base 15, what is 62a0 - 4?
629b
In base 5, what is -10 - 142?
-202
In base 7, what is -3 + 11606?
11603
In base 3, what is -100022 - 112?
-100211
In base 5, what is -14001 - -4?
-13442
In base 2, what is -1000111011 - 10?
-1000111101
In base 3, what is 212 - -121?
1110
In base 6, what is 341 + 3?
344
In base 5, what is -202 - -12?
-140
In base 11, what is -2173 + -2?
-2175
In base 4, what is 1 + -1003?
-1002
In base 4, what is -132 + -10?
-202
In base 16, what is -1aa + -3?
-1ad
In base 15, what is -60 + -d?
-6d
In base 4, what is -1332320 - 11?
-1332331
In base 4, what is -3 - 120?
-123
In base 14, what is 18 - 5?
13
In base 3, what is -2 + 1112211?
1112202
In base 6, what is 5 + -24204?
-24155
In base 16, what is 3e - a?
34
In base 4, what is 31110 - -2?
31112
In base 15, what is -2 + -a?
-c
In base 6, what is -10 + 1213?
1203
In base 8, what is 6 + 2045?
2053
In base 12, what is -2 + -122?
-124
In base 10, what is -4 + -104?
-108
In base 10, what is -549 + -2?
-551
In base 5, what is -1302 + 4?
-1243
In base 3, what is 202 - 110?
22
In base 6, what is -14 - 12?
-30
In base 13, what is -110 + 2?
-10b
In base 16, what is 3 + -24?
-21
In base 16, what is 12 - -d?
1f
In base 7, what is -1001 + -1?
-1002
In base 6, what is -320 - -5?
-311
In base 2, what is -1110 + -1?
-1111
In base 16, what is -d10 - 3?
-d13
In base 9, what is 178 + 3?
182
In base 9, what is 5 + 27?
33
In base 11, what is 19 - 38?
-1a
In base 5, what is -320 + 1?
-314
In base 15, what is -8 + d?
5
In base 11, what is -279 - -1?
-278
In base 5, what is 41 + 14?
110
In base 7, what is -13 - 126?
-142
In base 15, what is -12e - -4?
-12a
In base 4, what is 111 - -2301?
3012
In base 15, what is 1a2 - -8?
1aa
In base 8, what is -3405 + -6?
-3413
In base 14, what is -790 + -5?
-795
In base 9, what is 4 + 21?
25
In base 12, what is -30a - -1a?
-2b0
In base 4, what is 113 + -1012?
-233
In base 11, what is 219 + -1?
218
In base 12, what is 11 + -1?
10
In base 7, what is -6 + -110?
-116
In base 13, what is -3 + 22a4?
22a1
In base 14, what is -218 + -1?
-219
In base 9, what is 8 + -2?
6
In base 7, what is 2 - 3?
-1
In base 16, what is -b - -4?
-7
In base 2, what is -11001 - -10000?
-1001
In base 12, what is 250 - 3?
249
In base 2, what is 0 - 100111?
-100111
In base 8, what is -7123 - -5?
-7116
In base 2, what is -1110 - -1?
-1101
In base 15, what is -db9 + 3?
-db6
In base 12, what is -2 + -4?
-6
In base 10, what is -6 - 6?
-12
In base 10, what is -86 + 5?
-81
In base 6, what is 510 - -210?
1120
In base 16, what is -2cc2 + -5?
-2cc7
In base 11, what is -5 + -515?
-51a
In base 6, what is 3 - -325?
332
In base 4, what is -2 + -2311?
-2313
In base 13, what is -242 - 1?
-243
In base 14, what is 3 + 5c9?
5cc
In base 11, what is -5 + 99a?
995
In base 5, what is -4013 - 2?
-4020
In base 8, what is -2 + 217?
215
In base 8, what is -4 - -44?
40
In base 13, what is -19 - -5?
-14
In base 14, what is 2 + -254?
-252
In base 3, what is -112 - 1202?
-2021
In base 8, what is 302 - -3?
305
In base 8, what is -23 - 52?
-75
In base 5, what is -2 + -33131?
-33133
In base 15, what is 14 + 32?
46
In base 10, what is -4 - -31?
27
In base 12, what is 57a1 - 4?
5799
In base 9, what is -7 - -132?
124
In base 2, what is -101001100 - 111?
-101010011
In base 2, what is -100 + -1111000?
-1111100
In base 10, what is 44 - -5?
49
In base 7, what is 263 + 2?
265
In base 15, what is 4 - 145?
-141
In base 15, what is -5 + -2?
-7
In base 7, what is 6 + 51?
60
In base 16, what is 7b - ee?
-73
In base 15, what is -5d0 - -5?
-5ca
In base 16, what is 6 - -10?
16
In base 15, what is 1 + 431?
432
In base 2, what is -10011 - 110011?
-1000110
In base 4, what is -231 - 20023?
-20320
In base 10, what is -2 + -590?
-592
In base 13, what is -75 + -4?
-79
In base 11, what is -49 + 23?
-26
In base 13, what is -4 + -14b?
-152
In base 4, what is 10 - -3203?
3213
In base 7, what is -43 + -365?
-441
In base 9, what is -18138 - 3?
-18142
In base 12, what is 2 + -156?
-154
In base 6, what is -1 + 30?
25
In base 4, what is -122110 - -2?
-122102
In base 7, what is 103210 + 0?
103210
In base 6, what is -450 + 200?
-250
In base 4, what is 310 - -11?
321
In base 14, what is 5 - -c0d?
c14
In base 14, what is -84 - 4?
-88
In base 9, what is 73 - 0?
73
In base 13, what is -33 + -c?
-42
In base 2, what is -11 + -11000000000?
-11000000011
In base 6, what is 3131 + -3?
3124
In base 4, what is -2 + 203011?
203003
In base 6, what is -3000 + 3?
-2553
In base 13, what is -1 + 2?
1
In base 9, what is 321 + -4?
316
In base 9, what is 4 - -873?
877
In base 13, what is 5 - -868?
870
In base 12, what is 2 - -113?
115
In base 13, what is -19c - 1?
-1a0
In base 16, what is -1 - -6f0?
6ef
In base 16, what is -17 + -37?
-4e
In base 12, what is -32 + -11?
-43
In base 3, what is 1112 + -12200?
-11011
In base 13, what is -14c + 1?
-14b
In base 9, what is -6 - -432?
425
In base 10, what is 17127 - 4?
17123
In base 3, what is -1011 + 1220?
202
In base 12, what is 169 + -4?
165
In base 6, what is -42 - -242?
200
In base 7, what is -1 + 2160?
2156
In base 12, what is -5 - -b50?
b47
In base 10, what is -1457 - 0?
-1457
In base 15, what is c10 - -5?
c15
In base 8, w